41. Let i = j - 184. Is i a prime number?
False
Suppose -4*h = 5*v - 16, -v + 3*v - 12 = 4*h. Let d(x) = 7*x - v - 3 + 0. Is d(8) a prime number?
False
Let a(f) = 3*f**2 - 11*f + 13. Is a(14) prime?
False
Let r = -93 + 164. Is r prime?
True
Suppose 21 = -4*h + 9. Let t(k) be the third derivative of k**5/60 - k**4/24 + k**3/2 - k**2. Is t(h) composite?
True
Let b = -67 - -6. Let k = b - -98. Is k a prime number?
True
Let b = -257 + 369. Let p = 333 - b. Is p composite?
True
Suppose 0 = -2*t + 6*t - 20. Suppose -2*j = j. Suppose j*a = t*a - 165. Is a a composite number?
True
Let d = 593 + -102. Is d composite?
False
Let a(f) = f**3 - 5*f**2 + 4. Let o be a(4). Is (o/24)/((-2)/1876) prime?
False
Let n(i) = 2*i - 2. Let f be n(6). Let q be f*1*(-2)/(-4). Suppose -q*p - 34 - 193 = -4*d, 3*d = -2*p + 153. Is d a composite number?
False
Suppose -1448 = 5*w + 142. Let c = w + 445. Is c a prime number?
True
Let z = 39 - 21. Let d be (-6)/27 - 122/z. Let w(m) = m**3 + 8*m**2 - 6*m - 6. Is w(d) composite?
True
Suppose w - 133 = 226. Is w a prime number?
True
Suppose -2*q + 5*k + 1 = 2*q, -5*k = 5*q - 35. Suppose 2*t - 2*s = 50, -s = q*s + 10. Is t a prime number?
True
Let w be ((7*-6)/3)/1. Is (-2838)/w - 20/(-70) a composite number?
True
Is (14/(-4))/(1/(-26)) a composite number?
True
Suppose 4 = 2*u, -3*p + u - 592 = -8*p. Is p a prime number?
False
Let n be 0*((-9)/(-6) + -1). Is -3*(-7 - n/2) composite?
True
Let c = -99 - -139. Suppose 5*k - k = -c. Is ((-33)/5)/(2/k) a composite number?
True
Let o(w) = w + 1. Let m(z) = 22*z + 11. Let s(h) = 1. Let l(y) = -m(y) + 6*s(y). Let d(n) = -l(n) - 6*o(n). Is d(2) composite?
False
Let l be (0 - -1) + (-1 - -1). Let u = l - -2. Suppose -u*j - 2*j = -485. Is j prime?
True
Let c(t) = -t**3 - 6*t**2 - 5*t + 5. Let g be c(-5). Suppose -g*j + 3*j + 322 = 0. Is j a prime number?
False
Let o = -71 + 193. Suppose 0 = -a + 2*q + 25, -5*q + 43 = 4*a - o. Is a a composite number?
True
Let j(k) = 6*k - 2. Let c be j(4). Suppose 0 = -i - 3*i - 5*s + 6, 5*s = 3*i - c. Suppose -1340 = -0*z - i*z. Is z a composite number?
True
Let b(z) = -z**2 + 4*z + 3. Let k be b(4). Let t be ((-5)/3)/((-6)/90). Suppose 5*v = -i + 1, -4*i + t = -k*i - v. Is i composite?
True
Let g = 3 - 1. Suppose 1 = w + 4*r, g*w - 4*w = r - 30. Let d = w - -116. Is d composite?
True
Let p(o) = -4 + o + 0*o + 12. Let b be p(0). Suppose -b = -x + a, 3*x - a = 3*a + 19. Is x composite?
False
Let z(p) = 8*p**2 - 1. Let v be z(1). Suppose -v + 2 = i. Let q(u) = u**3 + 6*u**2 + 4*u + 1. Is q(i) composite?
True
Let u = 6367 - 3729. Let v = u - 1877. Is v composite?
False
Let j(h) = -h**2 + 8*h - 4. Let u be (4/2)/((-2)/(-7)). Let r be j(u). Suppose 2*m = -3*m + 10, r*s = -5*m + 211. Is s prime?
True
Let o(v) = v**3 + 13*v**2 + 15*v + 2. Is o(-9) a prime number?
True
Let d(a) = 66*a**2 - 2*a + 1. Let h = 3 + -2. Is d(h) prime?
False
Let u = -11 - -10. Is (1 + 1 + -129)/u composite?
False
Let u(o) = -9*o**2 + o. Let w be u(1). Let s be 15/(-2)*w/(-10). Is (4/s)/(8/(-156)) prime?
True
Suppose 2*u - 12 = 2. Let h = -35 + 37. Suppose 11 = h*n - 5*k, n - 2*k - 2*k = u. Is n prime?
True
Suppose -p + 189 = -3*b, -2*b + 214 = -0*p + p. Suppose 2*n + p = 5*n. Let h = n - -14. Is h prime?
False
Let u = 823 - 525. Is u prime?
False
Suppose -h = 4*h + 5. Let v(j) be the first derivative of -55*j**2/2 - 1. Is v(h) prime?
False
Suppose 4*s - 4*f = 1080, -2*s + 6*s = -2*f + 1080. Let i = 399 - s. Let w = i - 74. Is w a prime number?
False
Suppose 106 = -0*q + 4*q + 5*b, -31 = -q + b. Suppose -73 = -3*d + q. Is d composite?
True
Suppose 2*x + 6471 = 5*x + 2*p, 4*x + 3*p = 8627. Is x prime?
False
Is (-3 + (-1 - 0))*(-1105)/52 prime?
False
Suppose 5*h - 5*v + v = 16, 0 = -4*h - 2*v - 8. Suppose q = -h + 3. Suppose 0 = -q*l + l + 226. Is l a composite number?
False
Let b = -39 + 45. Let d(j) = j**3 + 7*j**2 - 6*j - 1. Let n be d(-6). Let t = n + b. Is t prime?
False
Suppose -2*a - 3*h - 146 = -412, 643 = 5*a + 2*h. Is a composite?
False
Suppose -3*y + 92 = -2*z + y, -196 = 4*z - 4*y. Let v = 121 + z. Is v prime?
False
Suppose 2*j - 25957 = -5*f, 2*f - 3*j - 16623 = -6244. Is f a prime number?
False
Let l(k) = -46*k**2 + 5*k - 8. Let z be l(4). Let y = 1259 + z. Is y a prime number?
False
Let h = 1762 + -789. Is h composite?
True
Suppose -6 - 6 = 4*k. Let o = k + 5. Suppose -o*r - r + 33 = 0. Is r prime?
True
Suppose 15 = 5*r - f, 2*f = 4*r + f - 12. Suppose 5*w - r = -4*i + 2, 37 = 5*i - 4*w. Suppose 17 = 4*h + i*d - 23, 3*h - 41 = -d. Is h a prime number?
False
Let i = 32 - -21. Is i prime?
True
Let m = 33 + -22. Suppose 0 = -2*h + 4*g + 48, -h + g + 30 - m = 0. Is h composite?
True
Suppose -2327 = -4*c + 1505. Is c prime?
False
Let y = -5 - -9. Suppose y*n = 1028 - 264. Is n a prime number?
True
Is -4 + 22760/(-10)*(-10)/8 prime?
False
Let o be ((-6)/(1 + -4))/(-1). Is o/12 - (-1209)/18 a composite number?
False
Suppose -2*m = 2*m - 96. Let g be 7/2*m/14. Suppose 12 = -3*q, k - g*q - 45 = -4*q. Is k composite?
False
Is (186/(-24))/((-1)/4) a prime number?
True
Suppose 8*u = 2*u + 18. Suppose -7*y + 1516 = -u*y. Is y composite?
False
Let x be (10/4)/(3/6). Suppose 5*w - 35 = -5*i, i + 5*w = x + 6. Let r(b) = b**3 - 3*b**2 - 3*b - 7. Is r(i) prime?
True
Suppose 3*j = -y - 3*y + 86, -70 = -4*y + 5*j. Suppose y = 2*t - 0*t. Suppose 2*i - 2*f = 30, -t - 10 = -4*i - 4*f. Is i a composite number?
True
Suppose -3*p + 7*p - h - 97 = 0, -3*h = -5*p + 130. Suppose 0 = 2*l - 4*k - 12, 0 = -0*l - 5*l - 5*k - 30. Let b = l + p. Is b prime?
False
Suppose 5*w - 12 = 3*w. Let p(z) = -3*z**3 - z + 0*z - 5*z**2 + 4*z**3 - 7. Is p(w) prime?
True
Suppose 4*s + 5*j = -26 - 7, 0 = -4*s + 2*j + 2. Let f(z) = -2*z. Let x be f(s). Suppose t - 94 = 5*b, 3*t - x*b - 74 - 164 = 0. Is t prime?
False
Suppose -5*y + 8163 = -4*l, 0*y - 4*l + 1623 = y. Is y composite?
True
Let s be ((-55)/(-22))/((-2)/(-4)). Suppose -96 - 199 = -s*f. Is f prime?
True
Is ((-2)/(-6))/((-20)/(-54420)) a composite number?
False
Let f = 2244 + -1145. Is f prime?
False
Let l(b) = -b**3 + 6*b**2 + 9*b - 10. Let r be l(7). Let n be (r/6)/(6/27). Suppose n*t - 445 = -2*t. Is t prime?
True
Suppose 2102 = 2*b + 4*v, 3*b = 7*b - 5*v - 4269. Is b a prime number?
True
Suppose -9*r + 22773 = -5064. Is r prime?
False
Suppose 0 = 2*o - 3*o - 2*b + 783, 0 = 3*o - 2*b - 2317. Suppose 3*h = 8*h - o. Is h a composite number?
True
Suppose 6 = 2*v + v. Suppose -o - v*c = -1 - 7, 4*c + 8 = 4*o. Is 38/(-16)*-2*o a prime number?
True
Let v(w) be the second derivative of w**5/20 - w**4/2 + 2*w**3/3 + 3*w**2 - 2*w. Let i be v(6). Suppose -n + i = -35. Is n prime?
False
Let m be 4/(-8) + (-330)/(-4). Is (0/1 - -1) + m prime?
True
Let s(o) = 6*o. Let q be s(1). Suppose -4*t + q = -t. Suppose 0 = 4*f - t*f - 68. Is f composite?
True
Suppose -548 = -4*q + 5*k, -2*k + 560 = 4*q - 4*k. Is q prime?
False
Is (-9)/(-18)*(-1 + 207) a prime number?
True
Suppose 5*x = -25, b - 4*x - 8 = 4*b. Suppose 988 = -0*g + b*g. Is g prime?
False
Suppose 5*a - 28 = -n, 4*a = a - 4*n + 27. Suppose -3*f - 6 = -a*k, 18 = -f + 6*f + k. Let q = f - -34. Is q prime?
True
Let g(q) = -q**2 + 4*q. Let b be g(2). Suppose b*d = 13 - 1. Suppose -4*v - 3 + 158 = d*i, 185 = 5*v + 2*i. Is v prime?
False
Let s be 4/(-10) + 94/10. Let r be 4/(-2) + (s - 2). Suppose -4*b + r*h = -2 - 0, -5*b = -2*h - 11. Is b composite?
False
Let w = -17 - -48. Is w composite?
False
Suppose -3*l + 59 = t, -l - 3*t = -4*l + 51. Is l a composite number?
False
Is 782/((-5)/((-15)/6)) a prime number?
False
Let f = 228 + -115. Is f prime?
True
Is (54831/42)/(2/4) a prime number?
False
Let m = -1311 - -4918. Is m prime?
True
Let d = 335 - -356. Is d a composite number?
False
Suppose 28 = 4*o - 4. Suppose 5*c + o*g - 3*g - 815 = 0, -3*g = -4*c + 624. Is c prime?
False
Let f = -5 - -2. Let p be 1 - (-76)/(f/3). Let t = -40 - p. Is t a prime number?
False
Suppose j = -4*j + 25. Suppose p = -j*v + 253, -179 + 426 = 5*v + 4*p. Is v prime?
False
Is (3086/(-8))/(1/(-4)) composite?
False
Is 1513 + -3 + (-1 - (-1 - 1)) a composite number?
False
Suppose -2*m - 27 = -2*p - 3, 5*m + 46 = 4*p. Let r = p + -9. Suppose 0*x + r*x = 105. Is x a prime number?
False
Let g = 2208 + -979. Is g a composite number?
False
Let k = -7 + 16.